x, 250 = 5*w + 2*x. Suppose 0 = -k + g + 20, 2*k - 5*k + g = -w. What is the greatest common divisor of 705 and k?
15
Let r(z) be the first derivative of z**3/3 + 29*z**2/2 - 6*z + 29. Let s be r(8). What is the greatest common factor of 116 and s?
58
Suppose 25*k - 14*k + 3289 = 24*k. Calculate the greatest common factor of k and 35167.
253
Suppose 3*t = 77 + 280. Let k be 29/145 + 476/20 - 17. What is the greatest common divisor of t and k?
7
Let y = -1635 + 1670. Let m be 0 + 0 - 455/(-13). What is the highest common divisor of y and m?
35
Let v = 11 + 4. Let i be 4 + 210/(6 - -4). What is the greatest common factor of v and i?
5
Suppose -5*x = -m - 406 + 1653, 5*m = -15. Let r be ((-38)/(-7))/(-7 - x/35). What is the highest common factor of r and 57?
19
Let t be ((-2)/(-3))/((-4)/(-6)). Let h be 648/3 - (-3 - t). Suppose 0 = -14*f + 19*f - h. What is the highest common factor of f and 11?
11
Let w = 278 + -254. Suppose w*k - 1836 = 12*k. Calculate the highest common divisor of k and 17.
17
Suppose -4*c - 227 = -2*l + 747, 3*c + 6 = 0. Let i = 508 - l. Suppose -2*k + 405 = 55. What is the greatest common factor of i and k?
25
Let a(u) = u**3 + 6*u**2 - 6*u + 5. Let o be a(-7). Let l be 25/(15/3) + o. Suppose 0*b + 3*b = 3. Calculate the highest common divisor of b and l.
1
Suppose 1710*l - 1745*l + 34790 = 0. What is the highest common divisor of 1136 and l?
142
Suppose 76 + 122 = 3*s. Let c be (-16039)/(-44) + 33/(-121) - 20/16. Calculate the highest common factor of s and c.
33
Let m = -1452 - -2207. Suppose -m - 1016 = -7*w. What is the highest common divisor of w and 11?
11
Let r be 17/(4*7/56). Let g = 61 - r. Calculate the highest common divisor of 117 and g.
9
Suppose 0 = 2*r + 3*i - 163, -r = -i - 116 + 37. Let m = -108 - -101. Let y be m - -1 - 1408/(-88). Calculate the highest common factor of r and y.
10
Let c = 468 - 268. Let o be ((-25)/3)/(3/(-9)). What is the greatest common divisor of c and o?
25
Suppose -m - 25 = -6*m. Suppose 106*f - 158 = 101*f + 2*q, f = -m*q + 37. What is the highest common divisor of f and 20?
4
Let q be ((-4)/(-1))/(-2) - 0. Let l be (87 + -6)*(q - 2/(-2)). Let i = l - -147. Calculate the highest common factor of 6 and i.
6
Suppose -3*m = 2*m - 5*o + 55, -1 = m + o. Let l be 2 - (-2)/(m/(12/(-4))). Let q be ((-2)/6)/(l/(-117)). Calculate the highest common divisor of 117 and q.
13
Let c(y) = 40*y**3 - 2*y**2 + 9*y - 2. Let s be c(2). Let o = s + -62. What is the greatest common factor of 14 and o?
14
Let i be (-27)/(((-4)/(-93))/((-100)/75)). Calculate the highest common divisor of 217 and i.
31
Let w(a) = -a**2 + 9*a + 13. Let g be w(7). Suppose 3*r - g = 5*l, -4*r = -6*r - 3*l + 18. Calculate the greatest common factor of 63 and r.
9
Let k = -2385 + 3932. What is the greatest common factor of 21 and k?
7
Let d be 8 + (2 - (-24)/(-3)). Let t be (-138)/(-207) + (-2 - 752/(-6)). Calculate the greatest common factor of t and d.
2
Suppose -2815 = 9*j - 43*j + 3645. Calculate the greatest common divisor of j and 2774.
38
Suppose 251*s = -5*m + 248*s + 196013, 0 = 2*m + 5*s - 78371. What is the highest common factor of m and 169?
169
Let d(n) = 2*n**2 - 19*n + 7. Let l be d(10). Calculate the greatest common divisor of l and 9673.
17
Let f be (36/8)/((-3)/(-4)) + 64. Calculate the greatest common divisor of f and 20.
10
Suppose 2856 = -56*q + 98*q. Calculate the highest common factor of 24 and q.
4
Let c(v) = 3*v**2 - 36*v - 314. Let x be c(-20). What is the highest common divisor of x and 66?
22
Let k(m) = 3*m**2 - 52*m + 34. Let w be k(22). Let g = w - 341. Calculate the greatest common factor of g and 7.
1
Suppose 2*x = -4*y + 438, 19*x + 2*y + 1083 = 24*x. What is the highest common factor of 527 and x?
31
Let f be 2/((-2)/(3 - 5)). Suppose 163 = 3*y - f*y. Suppose 10*l - y = 477. What is the greatest common factor of 32 and l?
32
Let h(p) = 14*p - 1145. Let k be h(82). Calculate the greatest common divisor of k and 318.
3
Let l = -84 + 564. Let j be (-15 + 0)*(28/6 - 4) - 9432/(-524). Calculate the highest common factor of j and l.
8
Suppose 19*x - 350 = -46. Calculate the greatest common factor of x and 256.
16
Let o be ((33/20)/(99/246576))/((-2)/(-5)). Calculate the highest common divisor of 22 and o.
22
Let f be -15*221/(-425)*35. What is the highest common factor of 312 and f?
39
Suppose 6*m - 11*m + l = -42, -36 = -4*m + 2*l. Suppose -m*i - 582 = -3390. What is the highest common divisor of i and 27?
27
Let l = 121 - 46. Let j(q) = -2*q + 56. Let n be j(24). Suppose 0 = -a + n*a - 210. Calculate the highest common divisor of l and a.
15
Suppose -2*p + w + 1845 = 368, w - 3682 = -5*p. What is the highest common divisor of p and 33?
11
Suppose -18*f = 572 - 104. Let m(v) = -2*v + 169. Let z be m(f). Calculate the greatest common divisor of z and 17.
17
Let y(h) = 2*h**2 + 2*h - 96. Let a be y(-9). What is the highest common factor of 2928 and a?
48
Suppose 5*k = -2*b + 9062, -b - 1484 = -k + 320. Calculate the highest common divisor of k and 45.
5
Suppose 0 = 3*t + 4*q - 89, -2*t - 18*q = -21*q - 82. Let k = t + 15. Calculate the greatest common factor of k and 20.
10
Suppose 0 = -293*r + 260*r + 21417. Calculate the greatest common divisor of 472 and r.
59
Let a = 12 + 4. Let w be 7 + (-48)/14 + 9/21. Let d(o) = 25*o + 12. Let q be d(w). What is the highest common factor of q and a?
16
Suppose 0 = 14*k + 2024 - 29590. Calculate the highest common divisor of 22 and k.
11
Suppose -42 = 4*r - 22, r - 26971 = -4*c. Calculate the highest common divisor of 84 and c.
12
Let c(t) = -167*t + 3390. Let d be c(18). Calculate the greatest common factor of 15872 and d.
128
Let w = -19 - -349. Suppose -5*i - 150 = -10*i. What is the greatest common factor of i and w?
30
Suppose -85*u + 33*u = -16*u - 3024. Calculate the highest common divisor of u and 228.
12
Suppose -128*b + 1597 = -16191 + 3580. Calculate the greatest common factor of 925 and b.
37
Let c(i) = -3597*i - 5993. Let r be c(-7). What is the greatest common factor of r and 318?
106
Let i = -9942 - -10040. Calculate the highest common divisor of 1988 and i.
14
Let z(j) = 10*j + 48. Let m be z(-5). Let t be (-560)/(-30)*(1 - m). What is the greatest common factor of 16 and t?
8
Let y = -8564 + 9507. What is the greatest common factor of y and 164?
41
Suppose 12*x + 4297 - 12349 = 0. Let q = x - 605. What is the highest common divisor of q and 22?
22
Suppose 132 = 6*d - d + v, 0 = -2*d - 2*v + 56. Let j(o) = 3*o + 14*o**2 - 4*o + 2*o - 1 + 4*o. Let m be j(2). Calculate the highest common divisor of m and d.
13
Let l(s) = 23*s**2 - s - 2. Let b be l(-3). Let a = 284726 - 284648. What is the greatest common divisor of a and b?
26
Let o(f) = 3*f - 117. Let p be o(37). Suppose 0 = -3*x - 0*x + 2592. Let k be (-40)/p*x/80. Calculate the greatest common divisor of 18 and k.
18
Let v = 16943 - 14720. What is the highest common factor of v and 312?
39
Suppose 5*q = 373 + 947. Suppose 11713 = -8*c + 12417. What is the highest common divisor of c and q?
88
Suppose 3*s - 28 = -s. Suppose s*h - 18 = 17. Suppose 2*k - r - 90 = -h*r, 2*r = k - 29. What is the highest common divisor of 333 and k?
37
Suppose 3*f - 1190 = -2*f. Suppose g + 94 = 3*g. Let k = g - 13. What is the greatest common divisor of k and f?
34
Let c = 0 - -5. Suppose -o + c*o = 120. Let u(g) = g**3 + 10*g**2 - 31*g + 20. Let m be u(-11). What is the highest common factor of o and m?
30
Let k(o) = -1302*o - 6258. Let u be k(-5). What is the greatest common factor of 4788 and u?
252
Suppose 7*p - 66 = -24. Suppose -p*n + 19 = 1. Suppose -4*o + 41 = 5*b, -o + n*o - b = 17. Calculate the greatest common divisor of o and 18.
9
Suppose s - 494 = -m, -2*m + 203 = -5*s - 778. What is the greatest common divisor of 17 and m?
17
Suppose 5*q + 2*b - 12 = 0, b - 16 = -3*q - 8. Let m(y) = -3*y**2 - 22*y - 6. Let n be m(-4). What is the greatest common divisor of q and n?
2
Suppose 3*u = -3*g + 14 + 13, -4*g - 90 = -5*u. Let r(h) = -h**3 + 52*h**2 + 112*h - 146. Let o be r(54). What is the highest common factor of o and u?
14
Let f(v) = -13*v + 61. Let c be f(-5). Suppose 11*b = 30 + 124. Calculate the highest common divisor of b and c.
14
Let t = 21 + -18. Let c(s) = -t + 2 + 20*s + s**3 - 3*s - 18*s**